{"id":86,"date":"2021-03-17T08:08:39","date_gmt":"2021-03-17T11:08:39","guid":{"rendered":"https:\/\/cepposmokehouse.com.br\/?page_id=86"},"modified":"2021-03-17T08:08:39","modified_gmt":"2021-03-17T11:08:39","slug":"sanduiches","status":"publish","type":"page","link":"https:\/\/cepposmokehouse.com.br\/index.php\/sanduiches\/","title":{"rendered":"Sandu\u00edches"},"content":{"rendered":"<div data-block-name=\"woocommerce\/product-category\" data-categories=\"[16]\" class=\"wc-block-grid wp-block-product-category wp-block-woocommerce-product-category wc-block-product-category has-3-columns has-multiple-rows\"><ul class=\"wc-block-grid__products\"><li class=\"wc-block-grid__product\">\n\t\t\t\t<a href=\"https:\/\/cepposmokehouse.com.br\/index.php\/produto\/semplice-pollo\/\" class=\"wc-block-grid__product-link\">\n\t\t\t\t\t\n\t\t\t\t\t<div class=\"wc-block-grid__product-image\"><img loading=\"lazy\" decoding=\"async\" width=\"300\" height=\"300\" src=\"https:\/\/i0.wp.com\/cepposmokehouse.com.br\/wp-content\/uploads\/2021\/03\/20210305_211458-scaled.jpg?resize=300%2C300&amp;ssl=1\" class=\"attachment-woocommerce_thumbnail size-woocommerce_thumbnail\" alt=\"Semplice Pollo\" srcset=\"https:\/\/i0.wp.com\/cepposmokehouse.com.br\/wp-content\/uploads\/2021\/03\/20210305_211458-scaled.jpg?resize=150%2C150&amp;ssl=1 150w, https:\/\/i0.wp.com\/cepposmokehouse.com.br\/wp-content\/uploads\/2021\/03\/20210305_211458-scaled.jpg?resize=300%2C300&amp;ssl=1 300w, https:\/\/i0.wp.com\/cepposmokehouse.com.br\/wp-content\/uploads\/2021\/03\/20210305_211458-scaled.jpg?resize=100%2C100&amp;ssl=1 100w, https:\/\/i0.wp.com\/cepposmokehouse.com.br\/wp-content\/uploads\/2021\/03\/20210305_211458-scaled.jpg?zoom=2&amp;resize=300%2C300 600w, https:\/\/i0.wp.com\/cepposmokehouse.com.br\/wp-content\/uploads\/2021\/03\/20210305_211458-scaled.jpg?zoom=3&amp;resize=300%2C300 900w\" sizes=\"auto, (max-width: 300px) 100vw, 300px\" \/><\/div>\n\t\t\t\t\t<div class=\"wc-block-grid__product-title\">Semplice Pollo<\/div>\n\t\t\t\t<\/a>\n\t\t\t\t<div class=\"wc-block-grid__product-price price\"><span class=\"woocommerce-Price-amount amount\"><bdi><span class=\"woocommerce-Price-currencySymbol\">&#082;&#036;<\/span>32,00<\/bdi><\/span><\/div>\n\t\t\t\t\n\t\t\t\t<div class=\"wp-block-button wc-block-grid__product-add-to-cart\"><a href=\"\/index.php\/wp-json\/wp\/v2\/pages\/86?add-to-cart=157\" aria-label=\"Adicione ao carrinho: &ldquo;Semplice Pollo&rdquo;\" data-quantity=\"1\" data-product_id=\"157\" data-product_sku=\"SEMPL-POLLO-77621-S\" data-price=\"32\" rel=\"nofollow\" class=\"wp-block-button__link  add_to_cart_button ajax_add_to_cart\">Adicionar ao carrinho<\/a><\/div>\n\t\t\t<\/li><li class=\"wc-block-grid__product\">\n\t\t\t\t<a href=\"https:\/\/cepposmokehouse.com.br\/index.php\/produto\/semplice-manzo\/\" class=\"wc-block-grid__product-link\">\n\t\t\t\t\t\n\t\t\t\t\t<div class=\"wc-block-grid__product-image\"><img loading=\"lazy\" decoding=\"async\" width=\"300\" height=\"300\" src=\"https:\/\/i0.wp.com\/cepposmokehouse.com.br\/wp-content\/uploads\/2021\/03\/20210305_211052-scaled.jpg?resize=300%2C300&amp;ssl=1\" class=\"attachment-woocommerce_thumbnail size-woocommerce_thumbnail\" alt=\"Semplice Manzo\" srcset=\"https:\/\/i0.wp.com\/cepposmokehouse.com.br\/wp-content\/uploads\/2021\/03\/20210305_211052-scaled.jpg?resize=150%2C150&amp;ssl=1 150w, https:\/\/i0.wp.com\/cepposmokehouse.com.br\/wp-content\/uploads\/2021\/03\/20210305_211052-scaled.jpg?resize=300%2C300&amp;ssl=1 300w, https:\/\/i0.wp.com\/cepposmokehouse.com.br\/wp-content\/uploads\/2021\/03\/20210305_211052-scaled.jpg?resize=100%2C100&amp;ssl=1 100w, https:\/\/i0.wp.com\/cepposmokehouse.com.br\/wp-content\/uploads\/2021\/03\/20210305_211052-scaled.jpg?resize=241%2C241&amp;ssl=1 241w, https:\/\/i0.wp.com\/cepposmokehouse.com.br\/wp-content\/uploads\/2021\/03\/20210305_211052-scaled.jpg?zoom=2&amp;resize=300%2C300 600w, https:\/\/i0.wp.com\/cepposmokehouse.com.br\/wp-content\/uploads\/2021\/03\/20210305_211052-scaled.jpg?zoom=3&amp;resize=300%2C300 900w\" sizes=\"auto, (max-width: 300px) 100vw, 300px\" \/><\/div>\n\t\t\t\t\t<div class=\"wc-block-grid__product-title\">Semplice Manzo<\/div>\n\t\t\t\t<\/a>\n\t\t\t\t<div class=\"wc-block-grid__product-price price\"><span class=\"woocommerce-Price-amount amount\"><bdi><span class=\"woocommerce-Price-currencySymbol\">&#082;&#036;<\/span>32,00<\/bdi><\/span><\/div>\n\t\t\t\t\n\t\t\t\t<div class=\"wp-block-button wc-block-grid__product-add-to-cart\"><a href=\"\/index.php\/wp-json\/wp\/v2\/pages\/86?add-to-cart=113\" aria-label=\"Adicione ao carrinho: &ldquo;Semplice Manzo&rdquo;\" data-quantity=\"1\" data-product_id=\"113\" data-product_sku=\"SEMPL-MANZO-77626-S\" data-price=\"32\" rel=\"nofollow\" class=\"wp-block-button__link  add_to_cart_button ajax_add_to_cart\">Adicionar ao carrinho<\/a><\/div>\n\t\t\t<\/li><li class=\"wc-block-grid__product\">\n\t\t\t\t<a href=\"https:\/\/cepposmokehouse.com.br\/index.php\/produto\/affamato\/\" class=\"wc-block-grid__product-link\">\n\t\t\t\t\t\n\t\t\t\t\t<div class=\"wc-block-grid__product-image\"><img loading=\"lazy\" decoding=\"async\" width=\"300\" height=\"300\" src=\"https:\/\/i0.wp.com\/cepposmokehouse.com.br\/wp-content\/uploads\/2021\/03\/20210228_225029-scaled.jpg?resize=300%2C300&amp;ssl=1\" class=\"attachment-woocommerce_thumbnail size-woocommerce_thumbnail\" alt=\"Affamato\" srcset=\"https:\/\/i0.wp.com\/cepposmokehouse.com.br\/wp-content\/uploads\/2021\/03\/20210228_225029-scaled.jpg?resize=150%2C150&amp;ssl=1 150w, https:\/\/i0.wp.com\/cepposmokehouse.com.br\/wp-content\/uploads\/2021\/03\/20210228_225029-scaled.jpg?resize=300%2C300&amp;ssl=1 300w, https:\/\/i0.wp.com\/cepposmokehouse.com.br\/wp-content\/uploads\/2021\/03\/20210228_225029-scaled.jpg?resize=100%2C100&amp;ssl=1 100w, https:\/\/i0.wp.com\/cepposmokehouse.com.br\/wp-content\/uploads\/2021\/03\/20210228_225029-scaled.jpg?resize=241%2C241&amp;ssl=1 241w, https:\/\/i0.wp.com\/cepposmokehouse.com.br\/wp-content\/uploads\/2021\/03\/20210228_225029-scaled.jpg?zoom=2&amp;resize=300%2C300 600w, https:\/\/i0.wp.com\/cepposmokehouse.com.br\/wp-content\/uploads\/2021\/03\/20210228_225029-scaled.jpg?zoom=3&amp;resize=300%2C300 900w\" sizes=\"auto, (max-width: 300px) 100vw, 300px\" \/><\/div>\n\t\t\t\t\t<div class=\"wc-block-grid__product-title\">Affamato<\/div>\n\t\t\t\t<\/a>\n\t\t\t\t<div class=\"wc-block-grid__product-price price\"><span class=\"woocommerce-Price-amount amount\"><bdi><span class=\"woocommerce-Price-currencySymbol\">&#082;&#036;<\/span>42,00<\/bdi><\/span><\/div>\n\t\t\t\t\n\t\t\t\t<div class=\"wp-block-button wc-block-grid__product-add-to-cart\"><a href=\"\/index.php\/wp-json\/wp\/v2\/pages\/86?add-to-cart=77\" aria-label=\"Adicione ao carrinho: &ldquo;Affamato&rdquo;\" data-quantity=\"1\" data-product_id=\"77\" data-product_sku=\"AFFAMATO-ESPEC-55836\" data-price=\"42\" rel=\"nofollow\" class=\"wp-block-button__link  add_to_cart_button ajax_add_to_cart\">Adicionar ao carrinho<\/a><\/div>\n\t\t\t<\/li><li class=\"wc-block-grid__product\">\n\t\t\t\t<a href=\"https:\/\/cepposmokehouse.com.br\/index.php\/produto\/costoletta\/\" class=\"wc-block-grid__product-link\">\n\t\t\t\t\t\n\t\t\t\t\t<div class=\"wc-block-grid__product-image\"><img loading=\"lazy\" decoding=\"async\" width=\"300\" height=\"300\" src=\"https:\/\/i0.wp.com\/cepposmokehouse.com.br\/wp-content\/uploads\/2021\/03\/20210228_225532-scaled.jpg?resize=300%2C300&amp;ssl=1\" class=\"attachment-woocommerce_thumbnail size-woocommerce_thumbnail\" alt=\"Costoletta\" srcset=\"https:\/\/i0.wp.com\/cepposmokehouse.com.br\/wp-content\/uploads\/2021\/03\/20210228_225532-scaled.jpg?resize=150%2C150&amp;ssl=1 150w, https:\/\/i0.wp.com\/cepposmokehouse.com.br\/wp-content\/uploads\/2021\/03\/20210228_225532-scaled.jpg?resize=300%2C300&amp;ssl=1 300w, https:\/\/i0.wp.com\/cepposmokehouse.com.br\/wp-content\/uploads\/2021\/03\/20210228_225532-scaled.jpg?resize=100%2C100&amp;ssl=1 100w, https:\/\/i0.wp.com\/cepposmokehouse.com.br\/wp-content\/uploads\/2021\/03\/20210228_225532-scaled.jpg?resize=241%2C241&amp;ssl=1 241w, https:\/\/i0.wp.com\/cepposmokehouse.com.br\/wp-content\/uploads\/2021\/03\/20210228_225532-scaled.jpg?zoom=2&amp;resize=300%2C300 600w, https:\/\/i0.wp.com\/cepposmokehouse.com.br\/wp-content\/uploads\/2021\/03\/20210228_225532-scaled.jpg?zoom=3&amp;resize=300%2C300 900w\" sizes=\"auto, (max-width: 300px) 100vw, 300px\" \/><\/div>\n\t\t\t\t\t<div class=\"wc-block-grid__product-title\">Costoletta<\/div>\n\t\t\t\t<\/a>\n\t\t\t\t<div class=\"wc-block-grid__product-price price\"><span class=\"woocommerce-Price-amount amount\"><bdi><span class=\"woocommerce-Price-currencySymbol\">&#082;&#036;<\/span>45,00<\/bdi><\/span><\/div>\n\t\t\t\t\n\t\t\t\t<div class=\"wp-block-button wc-block-grid__product-add-to-cart\"><a href=\"\/index.php\/wp-json\/wp\/v2\/pages\/86?add-to-cart=37\" aria-label=\"Adicione ao carrinho: &ldquo;Costoletta&rdquo;\" data-quantity=\"1\" data-product_id=\"37\" data-product_sku=\"COSTOLETTA-EPEC-55723\" data-price=\"45\" rel=\"nofollow\" class=\"wp-block-button__link  add_to_cart_button ajax_add_to_cart\">Adicionar ao carrinho<\/a><\/div>\n\t\t\t<\/li><li class=\"wc-block-grid__product\">\n\t\t\t\t<a href=\"https:\/\/cepposmokehouse.com.br\/index.php\/produto\/pollo\/\" class=\"wc-block-grid__product-link\">\n\t\t\t\t\t\n\t\t\t\t\t<div class=\"wc-block-grid__product-image\"><img loading=\"lazy\" decoding=\"async\" width=\"300\" height=\"300\" src=\"https:\/\/i0.wp.com\/cepposmokehouse.com.br\/wp-content\/uploads\/2021\/03\/20210305_212015-scaled.jpg?resize=300%2C300&amp;ssl=1\" class=\"attachment-woocommerce_thumbnail size-woocommerce_thumbnail\" alt=\"Pollo\" srcset=\"https:\/\/i0.wp.com\/cepposmokehouse.com.br\/wp-content\/uploads\/2021\/03\/20210305_212015-scaled.jpg?resize=150%2C150&amp;ssl=1 150w, https:\/\/i0.wp.com\/cepposmokehouse.com.br\/wp-content\/uploads\/2021\/03\/20210305_212015-scaled.jpg?resize=300%2C300&amp;ssl=1 300w, https:\/\/i0.wp.com\/cepposmokehouse.com.br\/wp-content\/uploads\/2021\/03\/20210305_212015-scaled.jpg?resize=100%2C100&amp;ssl=1 100w, https:\/\/i0.wp.com\/cepposmokehouse.com.br\/wp-content\/uploads\/2021\/03\/20210305_212015-scaled.jpg?zoom=2&amp;resize=300%2C300 600w, https:\/\/i0.wp.com\/cepposmokehouse.com.br\/wp-content\/uploads\/2021\/03\/20210305_212015-scaled.jpg?zoom=3&amp;resize=300%2C300 900w\" sizes=\"auto, (max-width: 300px) 100vw, 300px\" \/><\/div>\n\t\t\t\t\t<div class=\"wc-block-grid__product-title\">Pollo<\/div>\n\t\t\t\t<\/a>\n\t\t\t\t<div class=\"wc-block-grid__product-price price\"><span class=\"woocommerce-Price-amount amount\"><bdi><span class=\"woocommerce-Price-currencySymbol\">&#082;&#036;<\/span>37,00<\/bdi><\/span><\/div>\n\t\t\t\t\n\t\t\t\t<div class=\"wp-block-button wc-block-grid__product-add-to-cart\"><a href=\"\/index.php\/wp-json\/wp\/v2\/pages\/86?add-to-cart=22\" aria-label=\"Adicione ao carrinho: &ldquo;Pollo&rdquo;\" data-quantity=\"1\" data-product_id=\"22\" data-product_sku=\"POLLO-ESPEC-77621\" data-price=\"37\" rel=\"nofollow\" class=\"wp-block-button__link  add_to_cart_button ajax_add_to_cart\">Adicionar ao carrinho<\/a><\/div>\n\t\t\t<\/li><\/ul><\/div>","protected":false},"excerpt":{"rendered":"","protected":false},"author":1,"featured_media":0,"parent":0,"menu_order":0,"comment_status":"closed","ping_status":"closed","template":"","meta":{"_uag_custom_page_level_css":"","footnotes":""},"class_list":["post-86","page","type-page","status-publish","hentry"],"uagb_featured_image_src":{"full":false,"thumbnail":false,"medium":false,"medium_large":false,"large":false,"1536x1536":false,"2048x2048":false,"post-thumbnail":false,"woocommerce_thumbnail":false,"woocommerce_single":false,"woocommerce_gallery_thumbnail":false,"quick_view_image_size":false},"uagb_author_info":{"display_name":"admin","author_link":"https:\/\/cepposmokehouse.com.br\/index.php\/author\/admin\/"},"uagb_comment_info":0,"uagb_excerpt":null,"jetpack-related-posts":[{"id":108,"url":"https:\/\/cepposmokehouse.com.br\/index.php\/sanduiches-especiais\/","url_meta":{"origin":86,"position":0},"title":"Sandu\u00edches Especiais","author":"admin","date":"17 de mar\u00e7o de 2021","format":false,"excerpt":"","rel":"","context":"Post similar","block_context":{"text":"Post similar","link":""},"img":{"alt_text":"","src":"","width":0,"height":0},"classes":[]},{"id":6,"url":"https:\/\/cepposmokehouse.com.br\/index.php\/cardapio\/","url_meta":{"origin":86,"position":1},"title":"Card\u00e1pio","author":"admin","date":"16 de mar\u00e7o de 2021","format":false,"excerpt":"Sandu\u00edchesBebidasOutros","rel":"","context":"Post similar","block_context":{"text":"Post similar","link":""},"img":{"alt_text":"","src":"","width":0,"height":0},"classes":[]}],"jetpack_sharing_enabled":true,"_links":{"self":[{"href":"https:\/\/cepposmokehouse.com.br\/index.php\/wp-json\/wp\/v2\/pages\/86","targetHints":{"allow":["GET"]}}],"collection":[{"href":"https:\/\/cepposmokehouse.com.br\/index.php\/wp-json\/wp\/v2\/pages"}],"about":[{"href":"https:\/\/cepposmokehouse.com.br\/index.php\/wp-json\/wp\/v2\/types\/page"}],"author":[{"embeddable":true,"href":"https:\/\/cepposmokehouse.com.br\/index.php\/wp-json\/wp\/v2\/users\/1"}],"replies":[{"embeddable":true,"href":"https:\/\/cepposmokehouse.com.br\/index.php\/wp-json\/wp\/v2\/comments?post=86"}],"version-history":[{"count":1,"href":"https:\/\/cepposmokehouse.com.br\/index.php\/wp-json\/wp\/v2\/pages\/86\/revisions"}],"predecessor-version":[{"id":87,"href":"https:\/\/cepposmokehouse.com.br\/index.php\/wp-json\/wp\/v2\/pages\/86\/revisions\/87"}],"wp:attachment":[{"href":"https:\/\/cepposmokehouse.com.br\/index.php\/wp-json\/wp\/v2\/media?parent=86"}],"curies":[{"name":"wp","href":"https:\/\/api.w.org\/{rel}","templated":true}]}}